 (-1 - 3)).
-8
Calculate 2 + 0 - (4 - 2).
0
Calculate -3 - ((-3 - -3) + -3 - -1).
-1
What is -137 - -134 - (6 + -2)?
-7
Calculate (4 - 3 - 0) + (-1 - 0).
0
What is the value of (37 - 34) + 4 + -1?
6
Calculate -9 - (-9 + 4 + 0).
-4
What is the value of 1 + -8 + (4 - -3)?
0
Evaluate (-2 - 1) + -28 + 30.
-1
Evaluate 6 - (3 - (0 - -2)) - 3.
2
-4 + -3 + -2 + 3 + 9
3
Calculate 5 + -3 - (0 - -8).
-6
Calculate (-5 + 6 - 2) + 2.
1
Calculate -13 + 13 - (0 - 4).
4
What is 2 - (6 + -2 + 2)?
-4
1 + -2 + 4 + -6
-3
0 - 1 - (13 + -16)
2
Calculate 9 + 4 + -8 + -12 + 2.
-5
Evaluate (34 - 28) + (0 - 1).
5
(-85 - -88) + 2 + -1 + 1
5
Calculate -4 - (-13 + (2 - -4)) - 2.
1
(2 - (-1 + 1)) + (30 - 33)
-1
-4 + 3 + 3 + -4
-2
Calculate 10 + (-1 - (10 - 4)).
3
What is the value of (1 - (5 - 5)) + (-7 - -2)?
-4
Calculate 1 + -3 + (-1 - 0) + 5.
2
Calculate -2 + 2 + (-1 - -1 - 4).
-4
-96 + 104 - (-1 + 12)
-3
Calculate 5 - (-3 - -6) - -1.
3
-7 - (-7 - -6 - 4) - -6
4
What is the value of (-6 - (-3 + 2)) + 3?
-2
Calculate 0 + (1 - 9) + 7.
-1
What is the value of -3 + 9 - 6 - (-2 + -5)?
7
What is 4 + (2 - -1 - 5)?
2
Calculate 2 - -2 - (0 + (0 - -2)).
2
What is (5 + -8 - (-8 + 1)) + 3?
7
What is the value of -2 - (-5 - -11 - 11)?
3
-1 + 0 - -4 - 5
-2
What is the value of 2 + 4 + (-8 - 2)?
-4
What is 12 - -1 - (323 + -316)?
6
Evaluate -7 + -4 - (12 - 22).
-1
Calculate -3 - ((-6 - 4) + 5).
2
-5 + (-12 - -7) + (7 - 2)
-5
Evaluate 9 + (2 - (1 + 5)).
5
What is -5 + 0 + (-44 - -51) - 1?
1
What is 2 - (-1 + 1) - (119 - 116)?
-1
Calculate 2 + -5 - (5 + -3).
-5
-4 + 6 + (-7 - -9)
4
What is -5 - (-1 + (-4 - -3))?
-3
What is the value of (-7 - -4 - 5) + 6 + -6?
-8
What is -7 - (1 - 3 - 0)?
-5
Evaluate 6 - ((-4 - (-12 + 0)) + -5).
3
Calculate -10 + 18 - (12 - 3).
-1
Evaluate (-9 + 13 - (0 + -3)) + -1.
6
-2 + (2 + 10 - 8)
2
What is 4 + (-1 - 1) + 1?
3
What is 7 + (-6 + 4 - (0 - 0))?
5
What is (-13 - (-12 - -10)) + 0 + 2?
-9
Calculate 5 - (5 + (-11 - -4 - -8)).
-1
Calculate 14 + (1 - (9 + -2)).
8
Evaluate 0 + (-1 - -3) + -2.
0
What is the value of 4 + 2 - 3 - (2 + 3)?
-2
What is 1 + -3 + 4 + (4 - 10)?
-4
Calculate 7 - 1 - (-3 + 5 + -1).
5
(9 - 3) + -2 - 2
2
What is the value of (1 - -3) + -18 + 14?
0
What is 1 + -11 - (3 - 12)?
-1
Calculate 3 + -4 - (0 - -1).
-2
Evaluate (-5 - (11 + -5)) + 3.
-8
(-5 + 5 - (0 + -1)) + 3
4
5 - 2 - (-8 + 14 + -3)
0
Evaluate 2 + -25 + 9 + 7.
-7
Evaluate -3 + (-2 - -1) + 9.
5
Calculate 2 + -3 + 4 + -2.
1
What is the value of 5 + -4 + 1 - 2?
0
Evaluate -2 - (-1 + 0) - (-17 + 17).
-1
-3 - (-15 + 5 - -9)
-2
Calculate (-5 - (-8 + 5)) + -7 - -2.
-7
0 - -2 - -2 - (-10 + 7)
7
What is 4 - ((-1 - 0) + (8 - 2))?
-1
-4 + (-3 - ((2 - 1) + -8))
0
Calculate (-9 - -11 - -3) + (-2 - 2).
1
What is the value of (7 - -4 - 4) + -10?
-3
What is the value of 11 - 10 - (-1 + 0)?
2
Evaluate (5 - 2) + 3 - 3.
3
Evaluate 0 + (-3 - 1) + 7.
3
Evaluate -3 + 11 + -3 + -2.
3
Evaluate 5 - ((31 - 24) + (-1 - 1)).
0
Calculate -11 - (-15 + 15 + -10).
-1
What is 7 + -2 + (-5 - (-4 + 10))?
-6
What is 0 + 10 + 9 + -12?
7
What is the value of (1 - (9 + -2)) + (-146 - -149)?
-3
Evaluate -3 + 0 - (-13 - -4 - -8).
-2
Evaluate -4 - (-3 - 4 - -3) - -6.
6
Calculate (-26 - -31) + -1 + -2.
2
Calculate (-14 - -5) + 2 + 18 + -8.
3
Calculate 3 - (1 + (5 - 9) + 3).
3
What is 6 - ((-3 - -8 - 1) + -1)?
3
Calculate 0 - (1 + 3 + -7) - -2.
5
What is the value of -4 + (-5 - (-9 + 4))?
-4
(-2 - -3) + -6 - (-3 - -1)
-3
Evaluate (9 - 4) + -6 + 2 + 2.
3
Calculate 1 + -2 + 11 - (-5 + 8).
7
Evaluate 14 - (0 - -24) - -4.
-6
What is the value of 1 - -2 - (-37 + 40) - -5?
5
What is the value of (6 - 3) + -4 + 3 + 3?
5
-7 - (3 - (4 - -8))
2
-6 - ((-6 - 1) + 2)
-1
Calculate -15 - -11 - (-4 + -3).
3
Calculate 5 - (0 - 0) - 4.
1
Calculate -1 + 2 + (-5 + 4 - 1).
-1
Evaluate -11 - ((-18 - 1) + -1).
9
What is the value of 20 - ((16 - -3) + -7)?
8
(4 - (3 + -1)) + -3
-1
Calculate -7 - -10 - 1 - -4.
6
Evaluate -12 + 18 - (20 + -6).
-8
3 + 1 + (-7 - -2)
-1
What is the value of 4 - (-2 + (1 - -7))?
-2
What is 3 + (5 - (0 - -4) - 3)?
1
What is the value of -3 + 2 + (4 - -1 - 1)?
3
-3 + -2 - -1 - -7 - -4
7
What is (-2 - 3) + 11 + -4?
2
10 - (-1 + -7 + 13)
5
-2 + 3 + 3 + -9
-5
What is 4 - (-7 + 13 + -9)?
7
What is -18 + 13 + (1 - 0)?
-4
-3 + 9 - 8 - -1
-1
What is the value of -3 + 1 + -1 + 2 + 0?
-1
Evaluate -3 - -4 - (-8 + -2 + 13).
-2
Calculate 10 + 4 - 5 - (17 + -13).
5
What is the value of (3 - (-6 - -3)) + -1?
5
Evaluate 4 + 5 + -5 - 8.
-4
0 + 0 + 5 - (-2 - 0)
7
9 - (8 - 3 - -3)
1
What is 0 + -5 + -78 + 75?
-8
What is the value of (-6 - (-12 + -1 - -6)) + 0?
1
Evaluate -3 + (-1 + 4 - -4).
4
3 - (-6 - -1 - (-13 + 5))
0
What is the value of 9 + (-2 - (-7 - -8))?
6
Calculate 3 + (4 - 6 - (-6 + 2)).
5
-7 - (-7 - -14 - 8) - 2
-8
Calculate -6 + (4 - (14 + -5) - -3).
-8
What is 1 - ((-4 - -2) + -2 - 0)?
5
(9 + -19 - -1) + 6
-3
Evaluate 6 + -4 + (-4 + 8 - 1).
5
0 + 0 + -9 + 10
1
Evaluate 2 - (-3 + (0 + 2 - 0)).
3
Evaluate 3 + -8 + 5 + 0.
0
Calculate (-3 - -4 - 0) + 3 + 1.
5
What is the value of 4 + -1 + 1 - (-2 + 2)?
4
What is the value of (4 + -7 - -3) + 2 - -2?
4
What is the value of (3 + -2 - -2) + 207 + -203?
7
-1 - (-4 + (7 - 0))
-4
(-3 - 1) + -50 + 61
7
-2 - (-2 + 1 + -5 + 3)
1
What is (1 - 0) + (7 + 2 - 5)?
5
What is the value of 0 - 1 - (1 + 12 + -19)?
5
What is 2 + -3 + 4 + -7 + 4?
0
Evaluate -13 + (0 + (10 - 2) - 5).
-10
3 + (-4 - 2) + 4
1
What is the value of 4 - (3 - (1 + -7))?
-5
-11 + 19 + (-10 - -10)
8
What is the value of 5 + (5 - (15 - 4))?
-1
What is 2 + 1 + -2 + -3 - 1?
-3
What is the value of (-6 - 1) + 1 + -1?
-7
1 + 2 + (-6 - -2) + 3
2
Evaluate 12 - (-7 + 29 - 5).
-5
Evaluate (2 + -4 - -1) + (-11 - -7).
-5
What is 0 + -3 + 5 - -1 - 5?
-2
Evaluate -14 - -9 - -12 - 7.
0
What is the value of -4 + (14 - 17 - (1 - 6))?
-2
What is 1 + 1 + -5 + (-10 - -12)?
-1
Evaluate 4 + (0 - 4) + 2.
2
Evaluate -5 + -1 + -3 + 8 + -6.
-7
Evaluate (-1 - 0) + -5 - (6 - 9).
-3
10 + 2 + 10 + -17
5
What is (-8 + 9 - -9) + -10?
0
What is -14 + 16 + (-1 + -2 - 1)?
-2
Calculate -1 + 1 + (4 - (2 + -1)).
3
Calculate 11 - 12 - (10 + 0 + -3).
-8
What is the value of (51 - 50) + 2 + 0 + 1?
4
-1 + 1 - (-1 + 12 + -10)
-1
What is 2 - 0 - (6 + -3)?
-1
What is (1 - 4) + (7 - 11)?
-7
Calculate -10 + (1 - 2) + 6.
-5
Evaluate -7 + 1 - (-25 - -19).
0
Calculate 4 - -2 - 2 - 0.
4
(0 - -4) + 0 - 3
1
What is -8 + 12 + -5 + 7?
6
17 + -14 - (6 + -1) - -6
4
Calculate -34 - -29 - (-1 - 1 - -1).
-4
Evaluate -6 + 1 + (-77 - -85).
3
What is 13 - (-4 + 23 + 1)?
-7
2 - 0 - (6 + 1 + -3)
-2
Calculate -1 + (3 - (0 - -1)) + 1.
2
Calculate -1 + -2 + (-10 - -12).
-1
Calculate (0 - -1) + 0 - -3.
4
Calculate 15 - (2 + (6 - (-6 - -7))).
8
What is -9 + -5 + 10 + (-1 - -9)?
4
Evaluate 26 - 20 - (-3 - -11).
-2
Calculate -2 - (-3 + -1 + 8 - 9).
3
What is -6 + 0 + (-3 - 0) + 6?
-3
What is (-3 - -1) + (-54 - -54)?
-2
(-9 - -3) + 5 - -2 - 0
1
What is the value of (5 - 9 - -16) + -11?
1
What is the value of (-1 - 2) + (2 - 3 - -1)?
-3
What is the value of 6 + (4 - (0 - -4)) + -3?
3
Evaluate -6 - (-7 - (-6 - -18 - 6)).
7
Calculate 1 - 9 - (-4 - 7 - -9).
-6
What is 1 - (6 + (4 - 14))?
5
Evaluate (-7 - 1) + 11 + -4 - -9.
8
Calculate 8 + -8 + (1 + -3 - 3).
-5
What is the value of -6 + -1 + 6 + -7 + 9?
1
Calculate 2 - (1 - 7 - -13).
-5
What is the value of -5 + (-3 - -2) - (-9 - 4)?
7
What is the value of -6 - (3 - -1 - (-4 + 8))?
-6
What is 2 + 3 + -3 + (-8 - 0)?
-6
What is the value of (0 - 2) + 4 - 5?
-3
2 + (4 + 1 - 2) - 10
-5
What is 2 + (-2 - -2) + (325 - 323)?
4
What is (-1 - 9) + 2 + 66 + -62?
-4
-2 - (3 + (-10 - -7))
-2
What is 1 + -10 + (18 - 12)?
-3
What is -3 + (3 - (4 + 0 + -2))?
-2
What is -7 + (-3 + -2 - -17 - -3)?
8
Evaluate (9 - 10 - (1 - -6)) + 2.
-6
What is 9 - (-3 + 2) - 5?
5
(1 - 6) + -6 - -10
-1
What is -5 + 2 + (20 + -15 - 1)?
1
Evaluate -4 + -3 + -1 - (-3 - 0).
-5
Calculate 7 - 3 - (0 - 2).
6
What is -7 + (-1 - (9 - (4 - -4)))?
-9
What is the value of 7 - 2 - (13 + -9)?
1
-1 + -12 + (28 - 22) - -4
-3
What is 2 + (-1 - (-8 + 1))?
8
Evaluate 1 + 1 - -1 - -2.
5
1 + (4 - 5) - 4
-4
What is 5 + -4 - (1 - -2)?
-2
Evaluate 1 + -6 + (1 - (-3 + 0)).
-1
What is (-18 - -18) + (-2 - -1) + -3?
-4
-1 + -4 - (0 + -12 + 4)
3
Calculate 4 + 0 + -4 + 3.
3
What is 0 + (4 - 8) + (2 - 0)?
-2
What 